 953?
953
What are the prime factors of 195954?
2, 3, 11, 2969
List the prime factors of 699.
3, 233
What are the prime factors of 3190?
2, 5, 11, 29
List the prime factors of 103794.
2, 3, 17299
List the prime factors of 50804.
2, 13, 977
List the prime factors of 4704.
2, 3, 7
List the prime factors of 2342.
2, 1171
List the prime factors of 438.
2, 3, 73
List the prime factors of 5938.
2, 2969
What are the prime factors of 38646?
2, 3, 19, 113
What are the prime factors of 14884?
2, 61
What are the prime factors of 36?
2, 3
List the prime factors of 2570.
2, 5, 257
List the prime factors of 10048.
2, 157
List the prime factors of 32042.
2, 37, 433
List the prime factors of 1391.
13, 107
List the prime factors of 33949.
17, 1997
What are the prime factors of 13781?
13781
What are the prime factors of 23527?
7, 3361
What are the prime factors of 2371?
2371
List the prime factors of 13874.
2, 7, 991
What are the prime factors of 18975?
3, 5, 11, 23
List the prime factors of 605.
5, 11
List the prime factors of 778.
2, 389
What are the prime factors of 2409?
3, 11, 73
List the prime factors of 300.
2, 3, 5
What are the prime factors of 28060?
2, 5, 23, 61
List the prime factors of 4257.
3, 11, 43
What are the prime factors of 33272?
2, 4159
List the prime factors of 2231.
23, 97
List the prime factors of 3357.
3, 373
List the prime factors of 26084.
2, 6521
What are the prime factors of 266?
2, 7, 19
List the prime factors of 851.
23, 37
List the prime factors of 24266.
2, 11, 1103
What are the prime factors of 15450?
2, 3, 5, 103
What are the prime factors of 13348?
2, 47, 71
List the prime factors of 2964.
2, 3, 13, 19
List the prime factors of 10719.
3, 397
What are the prime factors of 31794?
2, 3, 7, 757
List the prime factors of 6253.
13, 37
What are the prime factors of 4191?
3, 11, 127
List the prime factors of 1613.
1613
List the prime factors of 33529.
33529
List the prime factors of 26834.
2, 13417
What are the prime factors of 7583?
7583
What are the prime factors of 132?
2, 3, 11
What are the prime factors of 3248?
2, 7, 29
List the prime factors of 711.
3, 79
What are the prime factors of 62561?
73, 857
List the prime factors of 216.
2, 3
What are the prime factors of 23611?
7, 3373
List the prime factors of 32763.
3, 67, 163
What are the prime factors of 59062?
2, 29531
What are the prime factors of 63459?
3, 11, 641
What are the prime factors of 92097?
3, 379
What are the prime factors of 51457?
7, 7351
List the prime factors of 5267.
23, 229
List the prime factors of 411.
3, 137
What are the prime factors of 10153?
11, 13, 71
What are the prime factors of 1064?
2, 7, 19
What are the prime factors of 23326?
2, 107, 109
List the prime factors of 1652.
2, 7, 59
What are the prime factors of 1576?
2, 197
What are the prime factors of 987?
3, 7, 47
What are the prime factors of 3375?
3, 5
List the prime factors of 79604.
2, 7, 2843
What are the prime factors of 1074?
2, 3, 179
What are the prime factors of 16578?
2, 3, 307
What are the prime factors of 35285?
5, 7057
What are the prime factors of 25128?
2, 3, 349
List the prime factors of 43.
43
List the prime factors of 22731.
3, 7577
List the prime factors of 89330.
2, 5, 8933
List the prime factors of 740.
2, 5, 37
What are the prime factors of 85627?
85627
List the prime factors of 2113.
2113
What are the prime factors of 97527?
3, 19, 29, 59
List the prime factors of 27494.
2, 59, 233
List the prime factors of 7804.
2, 1951
What are the prime factors of 3041?
3041
What are the prime factors of 1581?
3, 17, 31
What are the prime factors of 7967?
31, 257
List the prime factors of 25979.
83, 313
What are the prime factors of 42086?
2, 11, 1913
What are the prime factors of 135816?
2, 3, 5659
List the prime factors of 1875.
3, 5
What are the prime factors of 3643?
3643
List the prime factors of 275.
5, 11
What are the prime factors of 1947?
3, 11, 59
List the prime factors of 34946.
2, 101, 173
List the prime factors of 17787.
3, 7, 11
List the prime factors of 1220.
2, 5, 61
List the prime factors of 8986.
2, 4493
List the prime factors of 400.
2, 5
List the prime factors of 6709.
6709
List the prime factors of 8880.
2, 3, 5, 37
What are the prime factors of 846?
2, 3, 47
What are the prime factors of 1331?
11
What are the prime factors of 4163?
23, 181
List the prime factors of 38311.
7, 13, 421
List the prime factors of 216.
2, 3
What are the prime factors of 23263?
43, 541
What are the prime factors of 10438?
2, 17, 307
What are the prime factors of 67016?
2, 8377
List the prime factors of 11642.
2, 5821
What are the prime factors of 3226?
2, 1613
List the prime factors of 94172.
2, 13, 1811
What are the prime factors of 6477?
3, 17, 127
What are the prime factors of 7704?
2, 3, 107
What are the prime factors of 890?
2, 5, 89
List the prime factors of 58671.
3, 41, 53
List the prime factors of 46731.
3, 37, 421
List the prime factors of 28984.
2, 3623
List the prime factors of 10256.
2, 641
List the prime factors of 317.
317
What are the prime factors of 103648?
2, 41, 79
List the prime factors of 50047.
50047
What are the prime factors of 15811?
97, 163
List the prime factors of 1586.
2, 13, 61
List the prime factors of 940.
2, 5, 47
What are the prime factors of 1655?
5, 331
List the prime factors of 1828.
2, 457
List the prime factors of 640.
2, 5
List the prime factors of 16862.
2, 8431
What are the prime factors of 3302?
2, 13, 127
What are the prime factors of 695?
5, 139
What are the prime factors of 1772?
2, 443
List the prime factors of 3017.
7, 431
List the prime factors of 121599.
3, 59, 229
List the prime factors of 95165.
5, 7, 2719
List the prime factors of 511.
7, 73
List the prime factors of 1291.
1291
What are the prime factors of 824?
2, 103
List the prime factors of 1940.
2, 5, 97
What are the prime factors of 43127?
7, 61, 101
What are the prime factors of 1886?
2, 23, 41
What are the prime factors of 652?
2, 163
What are the prime factors of 56764?
2, 23, 617
List the prime factors of 31781.
61, 521
List the prime factors of 14450.
2, 5, 17
What are the prime factors of 1697?
1697
List the prime factors of 28066.
2, 14033
List the prime factors of 32289.
3, 47, 229
List the prime factors of 7420.
2, 5, 7, 53
List the prime factors of 9658.
2, 11, 439
What are the prime factors of 36811?
131, 281
What are the prime factors of 2504?
2, 313
What are the prime factors of 1207?
17, 71
What are the prime factors of 2883?
3, 31
What are the prime factors of 417?
3, 139
List the prime factors of 17403.
3, 5801
What are the prime factors of 116045?
5, 23209
List the prime factors of 5535.
3, 5, 41
What are the prime factors of 800?
2, 5
What are the prime factors of 510?
2, 3, 5, 17
What are the prime factors of 1248?
2, 3, 13
What are the prime factors of 2229?
3, 743
List the prime factors of 5920.
2, 5, 37
List the prime factors of 925.
5, 37
What are the prime factors of 27438?
2, 3, 17, 269
What are the prime factors of 6078?
2, 3, 1013
What are the prime factors of 76571?
11, 6961
List the prime factors of 1046.
2, 523
What are the prime factors of 614?
2, 307
What are the prime factors of 127662?
2, 3, 21277
What are the prime factors of 618?
2, 3, 103
List the prime factors of 1577.
19, 83
What are the prime factors of 1306?
2, 653
List the prime factors of 2328.
2, 3, 97
List the prime factors of 1064.
2, 7, 19
What are the prime factors of 9032?
2, 1129
What are the prime factors of 11859?
3, 59, 67
List the prime factors of 1209.
3, 13, 31
What are the prime factors of 8952?
2, 3, 373
What are the prime factors of 4065?
3, 5, 271
List the prime factors of 13957.
17, 821
List the prime factors of 5019.
3, 7, 239
What are the prime factors of 35406?
2, 3, 7, 281
What are the prime factors of 37898?
2, 7, 2707
List the prime factors of 357.
3, 7, 17
What are the prime factors of 1020?
2, 3, 5, 17
List the prime factors of 1325.
5, 53
List the prime factors of 172.
2, 43
List the prime factors of 7665.
3, 5, 7, 73
List the prime factors of 72495.
3, 5, 179
List the prime factors of 1001.
7, 11, 13
What are the prime factors of 20214?
2, 3, 1123
List the prime factors of 959.
7, 137
What are the prime factors of 2038?
2, 1019
What are the prime factors of